
True
Is -9458*((-22)/(-4))/(-11) a composite number?
False
Suppose 95293 = -7*q + 18*q. Is q composite?
False
Let c(k) = -k**2 + 4*k - 3. Let u be c(6). Let n(x) = 9*x**2 - 6*x - 20. Is n(u) a composite number?
True
Suppose 0 = -20*z + 6*z + 62174. Is z prime?
True
Suppose 4*u - 11 = -5*d, -4*u + 0 = -d + 7. Suppose -3*z + 1305 = -d*y, -2*z + 1084 - 214 = -4*y. Let k = z - 250. Is k a prime number?
False
Let w be (201/1)/(1/3). Suppose -w = 13*x - 16*x. Is x a prime number?
False
Is 3335/261 - (-2)/9 prime?
True
Let x be -4 - (-1 + 3 - 18). Is (x - 343)/(-2 - -1) composite?
False
Suppose -5*v = -14*v - 10260. Is (164/(-6))/(40/v) a prime number?
False
Suppose 3*x - 2041 = -136. Is x a composite number?
True
Let b be (-81)/(-12) - 1/(-4). Let m(r) = r**2 - 7*r + 5. Let x be m(b). Suppose 0 = t - x*s - 312, -5*s = 32 - 7. Is t a prime number?
False
Let k = -20 - -24. Suppose -k*x + 0*d + d = -11, -16 = -5*x + 2*d. Suppose 5*n + 29 + 114 = x*a, -3*a = -2*n - 209. Is a composite?
True
Suppose -10*x + 14 = -17*x. Let u(m) = -30*m**3 - 3*m**2 - 7*m - 3. Is u(x) prime?
True
Let j = 997 - 70. Suppose -2*n - j = -2*b + 3*n, -951 = -2*b - 3*n. Is b composite?
True
Let o = 35 + -36. Is -2*(o + 58/(-4)) prime?
True
Suppose -4*s + 0*u + 194590 = -2*u, -5*s = -4*u - 243245. Is s/75 + (-2)/(-5) composite?
True
Let q = -12 - 12. Let d = 29 - q. Is d a prime number?
True
Suppose -3*f + 4*y - 222 - 63 = 0, 405 = -4*f - 3*y. Let q = f + 188. Is q prime?
True
Let y be (1966/(-10) - 3)*-5. Suppose 19*b + y = 21*b. Is b composite?
False
Suppose 0 = 7*s - 105287 - 62846. Is s a composite number?
False
Let x = 27302 - 15123. Is x a composite number?
True
Suppose -2*o + c - 52 = 0, -3*o - 5*c + 4*c = 88. Let m = 33 - 19. Is (-5060)/o - (-4)/m a composite number?
False
Let o(k) = 118*k - 19. Let f(p) = -473*p + 77. Let c(g) = -2*f(g) - 9*o(g). Let j(l) = -115*l + 16. Let v(x) = -5*c(x) + 6*j(x). Is v(-7) a prime number?
False
Let s(p) = -639*p - 17. Is s(-8) a composite number?
True
Suppose 5 = h, 3*h + 16102 - 103449 = -4*c. Is c a composite number?
True
Let z(u) = -20 - 9 - 83*u - 69*u. Is z(-8) prime?
True
Suppose -7*c - 2*c + 45 = 0. Suppose 2*i - 3*z + 0*z = 12, -3*z - 12 = c*i. Suppose -5*l - b - 462 = -1947, i = 5*l - 2*b - 1500. Is l a prime number?
False
Let s be 42*(0 + (-2)/2). Let h = s + 81. Is h composite?
True
Let s be (910/15)/(1/3). Let v be 28/s - 308/(-26). Let i = v + 245. Is i prime?
True
Let w = 466 - 718. Let z = 81 - w. Suppose v = -2*v + z. Is v a composite number?
True
Let a(c) = 11*c**2 + 39*c**2 + c**2 + 4 - 3*c - 4*c**2. Let d be a(5). Suppose 5*p - d - 811 = 0. Is p composite?
True
Suppose -2*h + 393 = l - 0*h, -5*l + 4*h = -1979. Suppose 0 = -5*p + 255 + l. Let f = 221 - p. Is f composite?
True
Is (-4)/(-10) - (-7 - (-2445498)/(-55)) composite?
True
Let l = -31862 - -49897. Is l composite?
True
Let o(y) = 5*y**2 - 5 + 9*y - 1 - 7*y**3 + 6*y**3 + 2*y**2. Let c be o(8). Is (-1950)/(-4) + c/(-4) prime?
True
Let c be ((-9)/12)/(4/(-16)). Suppose -c*l = 3*l - 1314. Let q = l + -92. Is q a prime number?
True
Suppose -13 = -3*o - 4. Let j be -12*(10/4 - o). Suppose j*m = 3*m - 5*z + 889, m + 4*z - 301 = 0. Is m prime?
True
Let b be ((-1)/(-4) - 84/16)*-1. Suppose b*f + 801 = l, -3*l - f - 3*f + 2365 = 0. Is l a composite number?
True
Let r(v) = 2757*v - 871. Is r(29) composite?
True
Let i be ((-1)/(-1) + 1)*955/2. Suppose 0 = 4*s - 9*s + i. Is s a prime number?
True
Let n(o) = o**2 + 8*o - 61. Let h be n(-17). Suppose t - h = -t - 4*d, 4*t - 184 = 5*d. Is t composite?
True
Suppose 83*r = 118*r - 301175. Is r composite?
True
Let j = 11080 - 2493. Is j a prime number?
False
Let k be (580/30)/((-2)/6). Let t = -94 - k. Let l = t - -129. Is l composite?
True
Let f = 10110 + -6515. Is f prime?
False
Let i = 8 - 6. Let n be ((-4)/i - 0)/2. Is (n + 54)*(0 + 5) prime?
False
Let k(j) = 77*j**2 - 15*j + 89. Is k(21) prime?
False
Let g(y) = -2*y - 15. Let o be g(-8). Is 762/(-12)*o*-2 a composite number?
False
Let h be (219/1 - -2) + 1. Let s be (36/48)/(15/520). Suppose -x - 4*x = -r + s, 5*r - 2*x = h. Is r a prime number?
False
Let v = 1 + -5. Let x(b) be the second derivative of -b**5/2 - b**4/12 - b**3/3 - b**2/2 - 2*b. Is x(v) prime?
True
Suppose 7*u = 18 + 3. Is (2 - -176)/(1/u) - -3 a prime number?
False
Suppose -k = -2*u + 1537, 4*k - 2311 = -3*u - 0*k. Is u composite?
False
Let k(i) be the second derivative of 17*i**4/3 + i**3/3 - i**2/2 + 11*i. Is k(5) a prime number?
True
Is -1*2 + 0 - (-11798 + 5) a prime number?
False
Let v(b) = 130*b + 199. Is v(15) a composite number?
True
Let b(a) = -a**3 - 6*a**2 + a + 8. Let w be b(-6). Suppose w*j - 144 - 579 = -d, -2*j = -4. Is d a prime number?
True
Is 1848 - 10/(-6 - -4) a prime number?
False
Let d(l) = 34 + l - 38 + 20*l**2 - 32*l. Is d(9) a composite number?
True
Suppose -26*p + 22*p + 7764 = 0. Suppose 3*f - p = 2*f. Is f a prime number?
False
Suppose h - 18160 = -9*h. Suppose 151 = w - h. Is w a composite number?
True
Let r(s) = 4*s**2 - 15*s - 2. Let p be (-155)/(-9) - (-2)/(-9). Is r(p) a composite number?
True
Let r be 2*(1538/4 + 3). Let d be (1 + r)*(-1)/(-2). Let h = 579 - d. Is h a composite number?
False
Let w = 13025 + -6891. Suppose -4*z + w = -558. Is z composite?
True
Let x be -1 - (5 + 3) - 1. Let n(o) = -540*o + 13. Is n(x) composite?
False
Let j be 80/30*(-6)/4. Is (4/(-3) + 5 + j)*-6117 a composite number?
False
Let m(c) = 299*c**2 + c. Suppose 5 = b + 5*k - 6, k - 2 = 0. Let x be m(b). Suppose -54 = -2*d + x. Is d a prime number?
False
Let r(z) = 44*z**2 - 5*z - 14. Let j(s) = 89*s**2 - 11*s - 29. Let m(h) = -6*j(h) + 13*r(h). Is m(3) a prime number?
True
Let q = 1080 + 191. Is q a composite number?
True
Suppose 5660*r + 12105 = 5669*r. Is r prime?
False
Suppose 7*t = 135*t - 596864. Is t composite?
False
Suppose -10*f = -6*f - c - 78490, -2*f + 39248 = -2*c. Is f prime?
False
Let u(n) = 27*n**2 + n - 25. Is u(6) a prime number?
True
Suppose -2*n + 6*n = -1092. Let l = 428 - n. Is l a prime number?
True
Let v(m) = 4*m - 18. Let s be v(5). Suppose 2*l - 4328 = -s*l. Is l prime?
False
Suppose 0 = -4*j - 75 + 47. Is (j - -6)/(2/(-406)) a composite number?
True
Let j(b) = -301*b**3 + 2*b**2 - 10*b - 22. Is j(-3) a composite number?
True
Let r(u) = -11*u**2 + 9*u**2 - u + 2*u**3 + 3 - 3*u**3. Let n be r(-2). Suppose n*m + 402 = 11*m. Is m prime?
True
Suppose 0 = -4*i + 4*b + 1796, -6*b = -2*i - 2*b + 894. Is i a composite number?
True
Let p(z) = -1316*z + 21. Is p(-1) prime?
False
Let m = 2 - -1. Let q be (1/2)/(m/12). Is ((-1868)/(-8))/(1/q) prime?
True
Let v(m) = 2*m - 6. Let x be v(4). Suppose -x*u = 4*n - 96, -3*n - 15 = -2*u + 81. Suppose 4*f - 5*j = 291, -f + 16 = -3*j - u. Is f composite?
False
Let l be ((-6)/(-4))/((-12)/(-24)). Suppose -q - 2 = -0, 225 = 3*n + l*q. Suppose 3*a - 3*o - 65 - 55 = 0, n = 2*a - o. Is a prime?
True
Suppose -i + 5761 + 27346 = 0. Is i a prime number?
True
Suppose 0 = -3*w - 40 - 83. Let z = 52 - -42. Let q = w + z. Is q prime?
True
Let j(u) = 36*u**2 + 17*u - 150. Is j(11) composite?
True
Let z(l) = 9*l**2 + l + 4. Let n(y) = 1. Let r(o) = -2*n(o) + z(o). Let j(a) be the first derivative of r(a). Is j(7) prime?
True
Suppose 3*r - 2*r = -5*a + 87169, -5*r + 435891 = 2*a. Is r a prime number?
True
Let j be 3/(-12) + 3798/(-8). Let o = -770 - 136. Let i = j - o. Is i prime?
True
Let t be (-1 - (-5)/2)*6. Suppose -2*v + t = v. Suppose -j - 1114 = -v*i, i + 3*j = -i + 761. Is i a prime number?
True
Let w(d) = -7*d + 17. Let q be w(1). Suppose 10*r = 2*t + 5*r - 1779, 2*r = -q. Is t a composite number?
False
Let h(y) = -y. Let a be h(1). Let i be (6/2 - a)/2. Suppose -i*p - 8 + 58 = 0. Is p a composite number?
True
Suppose -5*b - 2*s + 2447 = -6*s, -4*b = 3*s - 1939. Is b a prime number?
True
Suppose -7*c + 72 = -68. Let o be (-2)/3 - (-8)/3. Suppose 0 = o*a + c - 274. Is a a composite number?
False
Suppose 5*k + d - 33113 = 0, -k - 23*d + 6615 = -19*d. Is k composite?
True
Suppose 15*q - 26 = 4. Suppose l - 2*m = m + 5500, -16533 = -3*l - q*m. Is l composite?
True
Let f = -600 - -13. Let m be f/((-2)/(-4)*-2). Suppose m = 4*t + 215. Is t composite?
True
Let b(l) = 2*l**3 + l**2 + 4*l - 12. Is b(19) prime?
True
Suppose -3431 = 10*g - 12061. Is g a 